{"id":7099,"date":"2020-02-03T13:46:39","date_gmt":"2020-02-03T12:46:39","guid":{"rendered":"https:\/\/territoriosierraespuna.com\/?page_id=7099"},"modified":"2020-03-04T09:07:33","modified_gmt":"2020-03-04T08:07:33","slug":"get-to-know-it","status":"publish","type":"page","link":"https:\/\/territoriosierraespuna.com\/en\/see-and-do-2\/the-park-2\/get-to-know-it\/","title":{"rendered":"Get to know it"},"content":{"rendered":"\n<p>During Muslim Spain, and emerging from the Guadalent\u00edn Valley, the Aspu\u00f1a mountain range was already known as a relevant landmark. With a progressive increase of human settlements and the utilisation of resources from the mountains. Inaccessibility of this range was no longer a fact. Together with traditional activities, such as the management of <em>Pozos de la Nieve &#8211;<\/em>from the early 16th century to the advent of the first ice factory in Totana in 1924-, other kind of activities were carried out, for instance: shepherding, felling for coal production, ships construction, mining, enlargement of cultivation areas, etc.<\/p>\n\n\n\n<p> All these actions turned Sierra Espu\u00f1a into a cleared and almost desert-like  area. In the late 19th century, the forest engineer Ricardo Codon\u00edu,  together with Jos\u00e9 Musso and Juan \u00c1ngel de Madariaga undertook the  reforestation of nearly 5,000 hectares. <\/p>\n\n\n\n<p>The result is a landscape which is currently abundant in pines and narrow  ravines where honeysuckles, ash trees, willows and elms grow. Today, Sierra  Espu\u00f1a is, at European level, a model of hydrological and forest restoration. <\/p>\n\n\n\n<div class=\"wp-block-button aligncenter\"><a class=\"wp-block-button__link has-background\" href=\"http:\/\/www.murcianatural.carm.es\/c\/document_library\/get_file?uuid=01d9f3cf-52ff-497d-a8f7-75d0b344d595&amp;groupId=14&amp;fbclid=IwAR2wS053Ow5Ao3lpX2F_QhVyOlusCZ8RUSu5UDeSwGEMxRXkFpU1OgkxYQs\" style=\"background-color:#5b7c09\">Download<\/a><\/div>\n","protected":false},"excerpt":{"rendered":"During Muslim Spain, and emerging from the Guadalent\u00edn Valley, the Aspu\u00f1a mountain range was already known as a relevant landmark. With a progressive increase of human settlements and the utilisation of resources from the mountains. Inaccessibility of this range was no longer a fact. Together with traditional activities, such as the management of Pozos de&#8230; <a class=\"view-article\" href=\"https:\/\/territoriosierraespuna.com\/en\/see-and-do-2\/the-park-2\/get-to-know-it\/\"><i class=\"fa fa-plus\" aria-hidden=\"true\"><\/i> info<\/a>","protected":false},"author":4,"featured_media":5812,"parent":7097,"menu_order":1,"comment_status":"closed","ping_status":"closed","template":"templates\/page-tpl-n3.php","meta":{"_acf_changed":false,"footnotes":""},"class_list":["post-7099","page","type-page","status-publish","has-post-thumbnail","hentry"],"acf":[],"yoast_head":"<!-- This site is optimized with the Yoast SEO plugin v23.9 - https:\/\/yoast.com\/wordpress\/plugins\/seo\/ -->\n<title>Get to know it - Territorio Sierra Espu\u00f1a<\/title>\n<meta name=\"robots\" content=\"index, follow, max-snippet:-1, max-image-preview:large, max-video-preview:-1\" \/>\n<link rel=\"canonical\" href=\"https:\/\/territoriosierraespuna.com\/en\/see-and-do-2\/the-park-2\/get-to-know-it\/\" \/>\n<meta property=\"og:locale\" content=\"en_US\" \/>\n<meta property=\"og:type\" content=\"article\" \/>\n<meta property=\"og:title\" content=\"Get to know it - Territorio Sierra Espu\u00f1a\" \/>\n<meta property=\"og:description\" content=\"During Muslim Spain, and emerging from the Guadalent\u00edn Valley, the Aspu\u00f1a mountain range was already known as a relevant landmark. With a progressive increase of human settlements and the utilisation of resources from the mountains. Inaccessibility of this range was no longer a fact. Together with traditional activities, such as the management of Pozos de... info\" \/>\n<meta property=\"og:url\" content=\"https:\/\/territoriosierraespuna.com\/en\/see-and-do-2\/the-park-2\/get-to-know-it\/\" \/>\n<meta property=\"og:site_name\" content=\"Territorio Sierra Espu\u00f1a\" \/>\n<meta property=\"article:modified_time\" content=\"2020-03-04T08:07:33+00:00\" \/>\n<meta property=\"og:image\" content=\"https:\/\/territoriosierraespuna.com\/wp-content\/uploads\/2018\/02\/conocelo-parque-sierra-espuna.jpg\" \/>\n\t<meta property=\"og:image:width\" content=\"2126\" \/>\n\t<meta property=\"og:image:height\" content=\"597\" \/>\n\t<meta property=\"og:image:type\" content=\"image\/jpeg\" \/>\n<meta name=\"twitter:card\" content=\"summary_large_image\" \/>\n<meta name=\"twitter:label1\" content=\"Est. reading time\" \/>\n\t<meta name=\"twitter:data1\" content=\"1 minute\" \/>\n<script type=\"application\/ld+json\" class=\"yoast-schema-graph\">{\"@context\":\"https:\/\/schema.org\",\"@graph\":[{\"@type\":\"WebPage\",\"@id\":\"https:\/\/territoriosierraespuna.com\/en\/see-and-do-2\/the-park-2\/get-to-know-it\/\",\"url\":\"https:\/\/territoriosierraespuna.com\/en\/see-and-do-2\/the-park-2\/get-to-know-it\/\",\"name\":\"Get to know it - Territorio Sierra Espu\u00f1a\",\"isPartOf\":{\"@id\":\"https:\/\/territoriosierraespuna.com\/#website\"},\"primaryImageOfPage\":{\"@id\":\"https:\/\/territoriosierraespuna.com\/en\/see-and-do-2\/the-park-2\/get-to-know-it\/#primaryimage\"},\"image\":{\"@id\":\"https:\/\/territoriosierraespuna.com\/en\/see-and-do-2\/the-park-2\/get-to-know-it\/#primaryimage\"},\"thumbnailUrl\":\"https:\/\/territoriosierraespuna.com\/wp-content\/uploads\/2018\/02\/conocelo-parque-sierra-espuna.jpg\",\"datePublished\":\"2020-02-03T12:46:39+00:00\",\"dateModified\":\"2020-03-04T08:07:33+00:00\",\"breadcrumb\":{\"@id\":\"https:\/\/territoriosierraespuna.com\/en\/see-and-do-2\/the-park-2\/get-to-know-it\/#breadcrumb\"},\"inLanguage\":\"en-US\",\"potentialAction\":[{\"@type\":\"ReadAction\",\"target\":[\"https:\/\/territoriosierraespuna.com\/en\/see-and-do-2\/the-park-2\/get-to-know-it\/\"]}]},{\"@type\":\"ImageObject\",\"inLanguage\":\"en-US\",\"@id\":\"https:\/\/territoriosierraespuna.com\/en\/see-and-do-2\/the-park-2\/get-to-know-it\/#primaryimage\",\"url\":\"https:\/\/territoriosierraespuna.com\/wp-content\/uploads\/2018\/02\/conocelo-parque-sierra-espuna.jpg\",\"contentUrl\":\"https:\/\/territoriosierraespuna.com\/wp-content\/uploads\/2018\/02\/conocelo-parque-sierra-espuna.jpg\",\"width\":2126,\"height\":597},{\"@type\":\"BreadcrumbList\",\"@id\":\"https:\/\/territoriosierraespuna.com\/en\/see-and-do-2\/the-park-2\/get-to-know-it\/#breadcrumb\",\"itemListElement\":[{\"@type\":\"ListItem\",\"position\":1,\"name\":\"Inicio\",\"item\":\"https:\/\/territoriosierraespuna.com\/en\/\"},{\"@type\":\"ListItem\",\"position\":2,\"name\":\"See and do\",\"item\":\"https:\/\/territoriosierraespuna.com\/en\/see-and-do-2\/\"},{\"@type\":\"ListItem\",\"position\":3,\"name\":\"The Park\",\"item\":\"https:\/\/territoriosierraespuna.com\/en\/see-and-do-2\/the-park-2\/\"},{\"@type\":\"ListItem\",\"position\":4,\"name\":\"Get to know it\"}]},{\"@type\":\"WebSite\",\"@id\":\"https:\/\/territoriosierraespuna.com\/#website\",\"url\":\"https:\/\/territoriosierraespuna.com\/\",\"name\":\"Territorio Sierra Espu\u00f1a\",\"description\":\"\",\"potentialAction\":[{\"@type\":\"SearchAction\",\"target\":{\"@type\":\"EntryPoint\",\"urlTemplate\":\"https:\/\/territoriosierraespuna.com\/?s={search_term_string}\"},\"query-input\":{\"@type\":\"PropertyValueSpecification\",\"valueRequired\":true,\"valueName\":\"search_term_string\"}}],\"inLanguage\":\"en-US\"}]}<\/script>\n<!-- \/ Yoast SEO plugin. -->","yoast_head_json":{"title":"Get to know it - Territorio Sierra Espu\u00f1a","robots":{"index":"index","follow":"follow","max-snippet":"max-snippet:-1","max-image-preview":"max-image-preview:large","max-video-preview":"max-video-preview:-1"},"canonical":"https:\/\/territoriosierraespuna.com\/en\/see-and-do-2\/the-park-2\/get-to-know-it\/","og_locale":"en_US","og_type":"article","og_title":"Get to know it - Territorio Sierra Espu\u00f1a","og_description":"During Muslim Spain, and emerging from the Guadalent\u00edn Valley, the Aspu\u00f1a mountain range was already known as a relevant landmark. With a progressive increase of human settlements and the utilisation of resources from the mountains. Inaccessibility of this range was no longer a fact. Together with traditional activities, such as the management of Pozos de... info","og_url":"https:\/\/territoriosierraespuna.com\/en\/see-and-do-2\/the-park-2\/get-to-know-it\/","og_site_name":"Territorio Sierra Espu\u00f1a","article_modified_time":"2020-03-04T08:07:33+00:00","og_image":[{"width":2126,"height":597,"url":"https:\/\/territoriosierraespuna.com\/wp-content\/uploads\/2018\/02\/conocelo-parque-sierra-espuna.jpg","type":"image\/jpeg"}],"twitter_card":"summary_large_image","twitter_misc":{"Est. reading time":"1 minute"},"schema":{"@context":"https:\/\/schema.org","@graph":[{"@type":"WebPage","@id":"https:\/\/territoriosierraespuna.com\/en\/see-and-do-2\/the-park-2\/get-to-know-it\/","url":"https:\/\/territoriosierraespuna.com\/en\/see-and-do-2\/the-park-2\/get-to-know-it\/","name":"Get to know it - Territorio Sierra Espu\u00f1a","isPartOf":{"@id":"https:\/\/territoriosierraespuna.com\/#website"},"primaryImageOfPage":{"@id":"https:\/\/territoriosierraespuna.com\/en\/see-and-do-2\/the-park-2\/get-to-know-it\/#primaryimage"},"image":{"@id":"https:\/\/territoriosierraespuna.com\/en\/see-and-do-2\/the-park-2\/get-to-know-it\/#primaryimage"},"thumbnailUrl":"https:\/\/territoriosierraespuna.com\/wp-content\/uploads\/2018\/02\/conocelo-parque-sierra-espuna.jpg","datePublished":"2020-02-03T12:46:39+00:00","dateModified":"2020-03-04T08:07:33+00:00","breadcrumb":{"@id":"https:\/\/territoriosierraespuna.com\/en\/see-and-do-2\/the-park-2\/get-to-know-it\/#breadcrumb"},"inLanguage":"en-US","potentialAction":[{"@type":"ReadAction","target":["https:\/\/territoriosierraespuna.com\/en\/see-and-do-2\/the-park-2\/get-to-know-it\/"]}]},{"@type":"ImageObject","inLanguage":"en-US","@id":"https:\/\/territoriosierraespuna.com\/en\/see-and-do-2\/the-park-2\/get-to-know-it\/#primaryimage","url":"https:\/\/territoriosierraespuna.com\/wp-content\/uploads\/2018\/02\/conocelo-parque-sierra-espuna.jpg","contentUrl":"https:\/\/territoriosierraespuna.com\/wp-content\/uploads\/2018\/02\/conocelo-parque-sierra-espuna.jpg","width":2126,"height":597},{"@type":"BreadcrumbList","@id":"https:\/\/territoriosierraespuna.com\/en\/see-and-do-2\/the-park-2\/get-to-know-it\/#breadcrumb","itemListElement":[{"@type":"ListItem","position":1,"name":"Inicio","item":"https:\/\/territoriosierraespuna.com\/en\/"},{"@type":"ListItem","position":2,"name":"See and do","item":"https:\/\/territoriosierraespuna.com\/en\/see-and-do-2\/"},{"@type":"ListItem","position":3,"name":"The Park","item":"https:\/\/territoriosierraespuna.com\/en\/see-and-do-2\/the-park-2\/"},{"@type":"ListItem","position":4,"name":"Get to know it"}]},{"@type":"WebSite","@id":"https:\/\/territoriosierraespuna.com\/#website","url":"https:\/\/territoriosierraespuna.com\/","name":"Territorio Sierra Espu\u00f1a","description":"","potentialAction":[{"@type":"SearchAction","target":{"@type":"EntryPoint","urlTemplate":"https:\/\/territoriosierraespuna.com\/?s={search_term_string}"},"query-input":{"@type":"PropertyValueSpecification","valueRequired":true,"valueName":"search_term_string"}}],"inLanguage":"en-US"}]}},"_links":{"self":[{"href":"https:\/\/territoriosierraespuna.com\/en\/wp-json\/wp\/v2\/pages\/7099","targetHints":{"allow":["GET"]}}],"collection":[{"href":"https:\/\/territoriosierraespuna.com\/en\/wp-json\/wp\/v2\/pages"}],"about":[{"href":"https:\/\/territoriosierraespuna.com\/en\/wp-json\/wp\/v2\/types\/page"}],"author":[{"embeddable":true,"href":"https:\/\/territoriosierraespuna.com\/en\/wp-json\/wp\/v2\/users\/4"}],"replies":[{"embeddable":true,"href":"https:\/\/territoriosierraespuna.com\/en\/wp-json\/wp\/v2\/comments?post=7099"}],"version-history":[{"count":4,"href":"https:\/\/territoriosierraespuna.com\/en\/wp-json\/wp\/v2\/pages\/7099\/revisions"}],"predecessor-version":[{"id":7285,"href":"https:\/\/territoriosierraespuna.com\/en\/wp-json\/wp\/v2\/pages\/7099\/revisions\/7285"}],"up":[{"embeddable":true,"href":"https:\/\/territoriosierraespuna.com\/en\/wp-json\/wp\/v2\/pages\/7097"}],"wp:featuredmedia":[{"embeddable":true,"href":"https:\/\/territoriosierraespuna.com\/en\/wp-json\/wp\/v2\/media\/5812"}],"wp:attachment":[{"href":"https:\/\/territoriosierraespuna.com\/en\/wp-json\/wp\/v2\/media?parent=7099"}],"curies":[{"name":"wp","href":"https:\/\/api.w.org\/{rel}","templated":true}]}}

<p>During Muslim Spain, and emerging from the Guadalentín Valley, the Aspuña mountain range was already known as a relevant landmark. With a progressive increase of human settlements and the utilisation of resources from the mountains. Inaccessibility of this range was no longer a fact. Together with traditional activities, such as the management of <em>Pozos de la Nieve &#8211;</em>from the early 16th century to the advent of the first ice factory in Totana in 1924-, other kind of activities were carried out, for instance: shepherding, felling for coal production, ships construction, mining, enlargement of cultivation areas, etc.</p>



<p> All these actions turned Sierra Espuña into a cleared and almost desert-like  area. In the late 19th century, the forest engineer Ricardo Codoníu,  together with José Musso and Juan Ángel de Madariaga undertook the  reforestation of nearly 5,000 hectares. </p>



<p>The result is a landscape which is currently abundant in pines and narrow  ravines where honeysuckles, ash trees, willows and elms grow. Today, Sierra  Espuña is, at European level, a model of hydrological and forest restoration. </p>



<div class="wp-block-button aligncenter"><a class="wp-block-button__link has-background" href="http://www.murcianatural.carm.es/c/document_library/get_file?uuid=01d9f3cf-52ff-497d-a8f7-75d0b344d595&amp;groupId=14&amp;fbclid=IwAR2wS053Ow5Ao3lpX2F_QhVyOlusCZ8RUSu5UDeSwGEMxRXkFpU1OgkxYQs" style="background-color:#5b7c09">Download</a></div>

During Muslim Spain, and emerging from the Guadalentín Valley, the Aspuña mountain range was already known as a relevant landmark. With a progressive increase of human settlements and the utilisation of resources from the mountains. Inaccessibility of this range was no longer a fact. Together with traditional activities, such as the management of Pozos de&#8230; <a class="view-article" href="https://territoriosierraespuna.com/en/see-and-do-2/the-park-2/get-to-know-it/"><i class="fa fa-plus" aria-hidden="true"></i> info</a>

<!-- This site is optimized with the Yoast SEO plugin v23.9 - https://yoast.com/wordpress/plugins/seo/ -->
<title>Get to know it - Territorio Sierra Espuña</title>
<meta name="robots" content="index, follow, max-snippet:-1, max-image-preview:large, max-video-preview:-1" />
<link rel="canonical" href="https://territoriosierraespuna.com/en/see-and-do-2/the-park-2/get-to-know-it/" />
<meta property="og:locale" content="en_US" />
<meta property="og:type" content="article" />
<meta property="og:title" content="Get to know it - Territorio Sierra Espuña" />
<meta property="og:description" content="During Muslim Spain, and emerging from the Guadalentín Valley, the Aspuña mountain range was already known as a relevant landmark. With a progressive increase of human settlements and the utilisation of resources from the mountains. Inaccessibility of this range was no longer a fact. Together with traditional activities, such as the management of Pozos de... info" />
<meta property="og:url" content="https://territoriosierraespuna.com/en/see-and-do-2/the-park-2/get-to-know-it/" />
<meta property="og:site_name" content="Territorio Sierra Espuña" />
<meta property="article:modified_time" content="2020-03-04T08:07:33+00:00" />
<meta property="og:image" content="https://territoriosierraespuna.com/wp-content/uploads/2018/02/conocelo-parque-sierra-espuna.jpg" />
	<meta property="og:image:width" content="2126" />
	<meta property="og:image:height" content="597" />
	<meta property="og:image:type" content="image/jpeg" />
<meta name="twitter:card" content="summary_large_image" />
<meta name="twitter:label1" content="Est. reading time" />
	<meta name="twitter:data1" content="1 minute" />
<script type="application/ld+json" class="yoast-schema-graph">{"@context":"https://schema.org","@graph":[{"@type":"WebPage","@id":"https://territoriosierraespuna.com/en/see-and-do-2/the-park-2/get-to-know-it/","url":"https://territoriosierraespuna.com/en/see-and-do-2/the-park-2/get-to-know-it/","name":"Get to know it - Territorio Sierra Espuña","isPartOf":{"@id":"https://territoriosierraespuna.com/#website"},"primaryImageOfPage":{"@id":"https://territoriosierraespuna.com/en/see-and-do-2/the-park-2/get-to-know-it/#primaryimage"},"image":{"@id":"https://territoriosierraespuna.com/en/see-and-do-2/the-park-2/get-to-know-it/#primaryimage"},"thumbnailUrl":"https://territoriosierraespuna.com/wp-content/uploads/2018/02/conocelo-parque-sierra-espuna.jpg","datePublished":"2020-02-03T12:46:39+00:00","dateModified":"2020-03-04T08:07:33+00:00","breadcrumb":{"@id":"https://territoriosierraespuna.com/en/see-and-do-2/the-park-2/get-to-know-it/#breadcrumb"},"inLanguage":"en-US","potentialAction":[{"@type":"ReadAction","target":["https://territoriosierraespuna.com/en/see-and-do-2/the-park-2/get-to-know-it/"]}]},{"@type":"ImageObject","inLanguage":"en-US","@id":"https://territoriosierraespuna.com/en/see-and-do-2/the-park-2/get-to-know-it/#primaryimage","url":"https://territoriosierraespuna.com/wp-content/uploads/2018/02/conocelo-parque-sierra-espuna.jpg","contentUrl":"https://territoriosierraespuna.com/wp-content/uploads/2018/02/conocelo-parque-sierra-espuna.jpg","width":2126,"height":597},{"@type":"BreadcrumbList","@id":"https://territoriosierraespuna.com/en/see-and-do-2/the-park-2/get-to-know-it/#breadcrumb","itemListElement":[{"@type":"ListItem","position":1,"name":"Inicio","item":"https://territoriosierraespuna.com/en/"},{"@type":"ListItem","position":2,"name":"See and do","item":"https://territoriosierraespuna.com/en/see-and-do-2/"},{"@type":"ListItem","position":3,"name":"The Park","item":"https://territoriosierraespuna.com/en/see-and-do-2/the-park-2/"},{"@type":"ListItem","position":4,"name":"Get to know it"}]},{"@type":"WebSite","@id":"https://territoriosierraespuna.com/#website","url":"https://territoriosierraespuna.com/","name":"Territorio Sierra Espuña","description":"","potentialAction":[{"@type":"SearchAction","target":{"@type":"EntryPoint","urlTemplate":"https://territoriosierraespuna.com/?s={search_term_string}"},"query-input":{"@type":"PropertyValueSpecification","valueRequired":true,"valueName":"search_term_string"}}],"inLanguage":"en-US"}]}</script>
<!-- / Yoast SEO plugin. -->

Get to know it - Territorio Sierra Espuña

During Muslim Spain, and emerging from the Guadalentín Valley, the Aspuña mountain range was already known as a relevant landmark. With a progressive increase of human settlements and the utilisation of resources from the mountains. Inaccessibility of this range was no longer a fact. Together with traditional activities, such as the management of Pozos de... info

Territorio Sierra Espuña
